 b. Is y a composite number?
True
Suppose 29*v = 10 + 19. Let g(f) = 4 - 3 + 10*f**2 + 0. Is g(v) prime?
True
Suppose 0 = 3*q - 12, 5*q - 4*q - 3288 = -4*t. Is t prime?
True
Let g be -4 + 1 - 2*(-4)/(-8). Is 1/((-2)/6488*g) prime?
True
Let m = 889 - -2947. Let v = -2363 + m. Is v a composite number?
True
Suppose 4*u = -3*v + 1787 + 141, 4*u + 4*v = 1924. Suppose -3*d + 5*z = z + 772, 2*z + 1252 = -5*d. Let s = d + u. Is s a composite number?
False
Let n(s) = -5*s - 37. Let y be n(-7). Is ((-1)/(-3))/(y/(-534)) composite?
False
Is ((-71)/(-3))/(-12 + (-41262)/(-3438)) prime?
False
Suppose -m - 5*x - 6 = -0*x, 0 = -3*m - 4*x + 26. Let f be 2/((-8)/(-39))*4. Let w = f + m. Is w prime?
True
Let u(h) = -3*h + 4. Let i be u(2). Is i + 6 + 247 - 0 prime?
True
Let o = -14 - -23. Suppose 32 = -o*r + 13*r. Let b(q) = -q**2 + 15*q - 3. Is b(r) composite?
False
Is (-2 - 1/1)*(-1357)/69 a prime number?
True
Suppose 0 = -5*z + 6*z - 1. Let g be (z*-1)/((-1)/5). Suppose g*r + 3*h = 7*h + 1645, -4*r + h = -1316. Is r prime?
False
Let s(h) = -302*h + 189. Is s(-38) a composite number?
True
Let m = 30 - 28. Suppose 0 = 3*c + m*c - 1630. Is c prime?
False
Let r(u) = u - 6*u**2 - 6*u + 0*u**2 + 3*u - 2 - u**3. Let y be r(-6). Suppose -m + 109 = -5*w, 0*w + y = 2*w. Is m composite?
True
Let r(u) = -u**2 - 22*u - 36. Let p be r(-20). Suppose 195 - 840 = -2*z + n, -5*z + p*n = -1611. Is z a composite number?
True
Suppose -h - 7 + 2 = 0. Let m(q) = -q**3 + 6*q**2 - q + 6. Let s(o) = o**2 + o + 1. Let g(l) = m(l) - 3*s(l). Is g(h) a composite number?
False
Let g = -61 + 101. Let q be 1410/g - (-2)/(-8). Let r = 42 + q. Is r a prime number?
False
Suppose -5*z = -10*z - 10. Let g be (-6)/4*(2 - (-996)/(-9)). Is (g/z)/(1/(-2)) prime?
True
Let c(j) = -2*j**3 - 12*j**2 + 22*j + 13. Is c(-12) a prime number?
False
Suppose 2*a + 14 = 2*g, 4*a - 6 = 5*g - 37. Is 1176/3 + g/3 prime?
False
Let a = -65837 - -95946. Is a prime?
True
Suppose 5*d - 15825 = 5*w, 5*d = 6*d - 5*w - 3173. Is d prime?
True
Let j(l) = -l**2 + 9*l. Let h be j(9). Suppose h = 3*o + 2*d - 1553, 3*d + 25 = -2*d. Is o a composite number?
False
Suppose 6*b + 1000 = 11*b - 5*r, -5*b = -r - 1004. Is b a prime number?
False
Is 3*3/(-9) + 2 - -2004 a prime number?
False
Suppose -36*u + 6*u = -294510. Is u a prime number?
True
Is 3 + 2 + 914 + 3 a composite number?
True
Let d(w) = -w**2 + 17*w - 14. Let i be d(16). Is 8883/6 - (-1)/i prime?
True
Let g(l) = -139*l**3 - l**2 + 22*l + 17. Is g(-5) a composite number?
False
Let r be (-3)/4 + (-65)/20. Let n be -5*(-1)/(-10)*r. Suppose -n*l = 2*y + y - 1303, 0 = -2*y - 4*l + 858. Is y composite?
True
Let z be 0*(2/(-1))/(-4). Suppose -2*i + 5*f = -62, z*f - 4 = f. Is i composite?
True
Let x(y) = -5443*y - 36. Is x(-3) a composite number?
True
Let p(w) = -3*w**2 - 3*w - 12. Let c be p(-9). Suppose 5*m = -6 + 1. Is (-10 + m)/(12/c) composite?
True
Suppose 5*k = -5*o + 74745, 2*k - 59800 = 9*o - 13*o. Is o composite?
False
Let a be (22/(-6) + 2)*3. Let z(g) = -2*g - 6. Let b be z(a). Is (3 - -114 - b)*5 prime?
False
Let p(y) = -y**3 - 7*y**2 + 7*y - 5. Let d = -16 - -8. Let s be p(d). Suppose -s*t = -6*t + 237. Is t a prime number?
True
Suppose 4*c = z + 12, -z = 3*z + 3*c - 28. Is 3/z - (-29570)/8 a composite number?
False
Suppose 4*y = -54 + 58, 0 = 4*u + 2*y - 15994. Is u a prime number?
False
Suppose -6223 = -5*b + 36272. Is b a composite number?
True
Let h be 7 - (-1 + -1 + 3). Suppose 859 = -h*f + 4129. Is f a composite number?
True
Let h be (37*(2 - 0))/1. Let n(w) = -w**2 - 2*w + 9. Let y be n(8). Let x = h - y. Is x prime?
False
Suppose -g - 48 = 4*v, 5*g + 32 = -v - 3*v. Let n = -12 - v. Is (-75)/(-2 - n) + -2 prime?
True
Suppose 11*c - 51743 - 57168 = 0. Is c a composite number?
False
Suppose 5*h = -5*y + 1129 + 266, -h = 4*y - 1107. Let s be y/(-14)*63/(-3). Let i = s + -273. Is i composite?
True
Is 58660/245*(-21)/(-6) a prime number?
False
Suppose 3*r + 5*g - 1888 = 0, 828 + 404 = 2*r - 2*g. Suppose -515 + 183 = l. Let z = l + r. Is z a prime number?
False
Suppose 56*b = 82*b - 470782. Is b a composite number?
True
Suppose -11*t + 16*t - 10 = 0. Suppose 2*l = 5*v + 9, -v - t*l + 3 = -0*l. Is ((-3)/(-9))/(v/(-447)) prime?
True
Let r = -96759 - -480016. Is r composite?
True
Let p be 8/(-8)*(-1 + 13). Let x be (p/(-8))/(6/68). Suppose -3*d + 2*q + x = 0, -q - 4 = -6. Is d composite?
False
Let i = 1015 + -475. Suppose -c - p + i = 0, 5*p = 4*c - 1099 - 1016. Is c prime?
False
Let f(x) = 181*x**2 + 16*x + 19. Let a be f(-8). Suppose -3*b - 2937 = -a. Is b a composite number?
True
Let c(p) = -2*p**3 - 3*p**2 - 14*p - 82. Is c(-9) composite?
False
Suppose 21*z + 1760 = 25*z. Suppose 2*a - z = 4*d - 14, a - 228 = -d. Is a a composite number?
False
Let m = 3220 - 631. Suppose -r + 3*q + m = 2*r, -5*r + 4315 = q. Is r prime?
True
Suppose -w - 2*w + d = -16885, -3*w = -7*d - 16909. Is w a prime number?
False
Suppose -71 = -5*u - 21. Let n = 33 - u. Is n composite?
False
Let k(p) = 6*p**3 - 15*p**2 + 17*p - 19. Is k(6) a prime number?
True
Let q(c) = -58*c**3 + c**2 + 6*c + 12. Let d = 66 - 69. Is q(d) a prime number?
False
Let s = -22269 + 42587. Is s prime?
False
Let f(d) be the first derivative of 4*d**3/3 - 2*d**2 - d + 2. Let y be f(-5). Let t = y - 81. Is t a composite number?
True
Let j be (-188)/(-5) + 3/(-5). Let k = 54 + j. Is k prime?
False
Suppose -5*q = -9855 - 60680. Is q a composite number?
False
Suppose -6*y + 8*y = -2*i + 7776, -4*y = i - 3873. Is i a composite number?
True
Suppose -7*o - 24 = -4*o. Let b = 387 - o. Is b prime?
False
Let i(g) = 2*g - 6. Let m be i(4). Suppose -m*a + 0*a + 1054 = 4*h, -a = -1. Is h prime?
True
Suppose 385593 = 10*y + 3*y. Is y prime?
False
Suppose -3*b + 8594 = 5*v, 3*b + v - 8588 = 2*v. Is b a composite number?
True
Let o(s) = -s**3 + 4*s**2 + s - 1. Let a be o(4). Suppose 3*z + 555 = a*b, -3*z + 4 = -2. Is b composite?
True
Suppose -m = 2*g - 2, -3*m + 6 = -3*g - 0*m. Suppose g = -2*k - 5*h + 331, -3*k + 484 = 2*h - 7*h. Is k prime?
True
Let z(d) = -4*d**3 + 1. Let p be z(-1). Suppose p*t + 14228 - 5008 = 5*q, -2*t = 6. Is q composite?
True
Suppose -5 + 2 = -l. Suppose -5*q + l*q = 450. Let f = -70 - q. Is f a prime number?
False
Suppose -4*t + 1100 = -0*t. Suppose -6*g + 5473 = -t. Is g a prime number?
False
Let q be (-2388)/14 + 20/35. Let r = q + 784. Is r prime?
False
Let y = 341 - 228. Suppose -g = -y + 48. Is g a composite number?
True
Let g(k) = 27*k. Let u be g(1). Suppose u = -5*s - 93. Is -6*(-4)/(s/(-51)) a composite number?
True
Suppose 7*x + 14 = 35. Suppose 4*d + 0*t = 3*t + 1724, -x*t = 0. Is d prime?
True
Let u(o) = 2334*o**2 + 2*o + 1. Is u(-1) a composite number?
False
Suppose 587 - 2123 = -4*j. Let y = 11 + j. Is y prime?
False
Suppose -3*g = n - 2176, 5*g + 2176 = n + g. Let q = n + 1231. Is q a prime number?
True
Let t(f) = 2*f**2 - 84. Let x be t(0). Is 70/x*1506/20*-4 a composite number?
False
Suppose 4891 = 5*k - 4*d, 3*d + 9 + 3 = 0. Let h = 1394 - k. Is h composite?
False
Let v(l) = 949*l - 26. Let q be v(4). Suppose -3*p = -5*y + q, 3745 = 3*y + 2*y + 2*p. Is y a composite number?
False
Is (8/(-3) + -1)/(1/(-447)) composite?
True
Let v = -5 + 8. Let t = -12 + 12. Suppose -3*a - w + 270 = 0, -v*a + t*w = -5*w - 288. Is a composite?
True
Suppose 0 = r + p + 10, 3*r = -r - 3*p - 45. Let y(k) = k**2 - 2*k - 5. Let i be y(7). Let g = r + i. Is g a prime number?
False
Suppose -q + 2*j + 8 = 0, 0*q - 5*j = 5*q - 85. Let o be (-2*q)/(2 + -3). Is ((-30)/(-8))/(7/o) prime?
False
Suppose 36077 = 2*z + m, -20210 = -z + 4*m - 2149. Is z composite?
False
Let o(m) be the second derivative of -m**3/6 + m**2 + 4*m. Let c be o(-2). Suppose 3*q + 3*l - 710 = 409, 0 = -c*q - 3*l + 1490. Is q a composite number?
True
Is (-284340)/(-16) - (-2)/(-8) a prime number?
False
Let b(u) = -u**2 - 6*u - 6. Let y be b(-4). Let q(z) = 20*z**2 - 7*z + 4. Let n be q(2). Suppose -y*d + n = -564. Is d a prime number?
True
Is 2 + -3 + 7 - -5873 composite?
False
Suppose -4*o - 5 - 3 = 0, 0 = -4*i - 3*o + 6. Suppose -2*u = -y + 830, -2*y + i*u = y - 2478. Suppose -j = -4*d + 1777, -3*d = -2*j - 2161 + y. Is d prime?
True
Let b(m) = m**3 - 7*m**2 - m + 10. Let t be b(7). Let j(s) = 13*s - 11 - s**t - 8*s**2 - 19*s - 5*s. Is j(-8